l, -b = -52*l + 53*l - 5603. What is the thousands digit of b?
5
Suppose q = a - 1, 0 = -2*a + 3*a - 2*q - 4. Let k be 21/a*((-168)/(-18))/(-7). Suppose 5*i - 36 - k = 0. What is the units digit of i?
0
Suppose -33 = -15*t - 3. Suppose -565 = t*v - 1625. What is the hundreds digit of v?
5
Suppose 48*z - 43*z = -2*l + 33805, 3*z = -5*l + 20283. What is the thousands digit of z?
6
Suppose 2*s - 978 - 1666 = 4*v, -4*s - v + 5270 = 0. Let h = s - 618. What is the units digit of h?
0
What is the tens digit of 391*4*(-765)/(-306)?
1
Suppose -2012*a = -2007*a - 27235. What is the units digit of a?
7
What is the tens digit of (145/(-4))/((9 + 5)/(-2408))?
3
Suppose 0 = -32*s - 63*s + 629565. What is the tens digit of s?
2
Suppose -4*h + 16131 = 5*n, n + 4*h - 3173 - 66 = 0. What is the tens digit of n?
2
Let t = -12426 - -33550. What is the hundreds digit of t?
1
Suppose i - h - 18 = 0, -4*i = -6*h + 3*h - 69. Suppose 3*o - i + 0 = 0. Suppose -5*n = -10*n - 10, 0 = 2*j - o*n - 24. What is the units digit of j?
7
Let z(k) = 56*k**2 - k - 7. Let x be z(7). Let p = -1806 + x. Suppose 0*o + p = 6*o. What is the hundreds digit of o?
1
What is the hundreds digit of (-1 - -700)/(32 + 31651/(-992))?
4
Let o(u) = 393*u + 13. Let v(w) = -262*w - 9. Let s(q) = 5*o(q) + 7*v(q). What is the tens digit of s(1)?
3
Suppose 80*j - 16150 = 75*j. Suppose -v - 877 = 4*g - j, 0 = g + 4*v - 607. What is the hundreds digit of g?
5
Suppose 3*l - 3*j + 6 + 0 = 0, 0 = -5*l + 2*j + 2. Suppose p - l*s = 3*s + 43, -36 = -p - 2*s. What is the units digit of p?
8
Let g = -7 - -2. Let h be ((-12)/(-10))/((-76)/(-190)). What is the tens digit of 105*(2/g)/((-1)/h)?
2
Let r be 2/(-4) + (-21)/6. Let i(k) = 3*k**2 + 30*k + 16. Let j(z) = 3*z**2 + 34*z + 15. Let s(t) = 7*i(t) - 6*j(t). What is the units digit of s(r)?
6
Let y = -265 - -271. Suppose 0*r = y*r - 3054. What is the units digit of r?
9
Let l(w) = -3*w + 26. Let z(o) = -1. Let f(d) = l(d) - 6*z(d). Let u be f(7). Suppose 0 = u*v - 8*v, 489 = 3*y + 3*v. What is the hundreds digit of y?
1
Suppose -3*c = -2*j - 4 - 20, -36 = 3*j + 3*c. Let h be j + 11 - (0 + 2). Let i(p) = -33*p + 12. What is the hundreds digit of i(h)?
1
Let a = 511 - -6044. What is the thousands digit of (a - -1)*(28/(-16) + 2)?
1
Suppose 0 = 3*a + a - 332. Let k(w) = w**3 + 21*w**2 - 108*w + 12. Let q be k(-25). Let h = q - a. What is the hundreds digit of h?
1
Suppose -124 = -p - 5*z, 5*z = 5*p + 47 - 577. Let k = -103 + p. Suppose 5*w - k*w = -139. What is the units digit of w?
9
Let f(u) = -1048*u - 3. Let d be f(-9). Let j = 6657 - d. What is the units digit of j/(-70) - (-2)/5?
0
Let r(b) = 41*b**2 + 9*b - 15. Let p be r(-7). Suppose -2*y = 3*a - p, 5*y = 7*y + 5*a - 1925. What is the units digit of y?
0
Suppose 40006 = k + 4*z, -2*z - 120098 = -3*k + 2*z. What is the hundreds digit of k/(-105)*((-25)/(-2))/(-5)?
9
Suppose 5*w - 144 = -39. Suppose -5 - 19 = -2*o + 4*m, -m = 4. Suppose -o*y - w + 29 = 0. What is the units digit of y?
2
Let b be 51/15 + (2 - 7/5). Suppose 3*p - b*n = 355, 4*n = p + 7*n - 114. What is the tens digit of p?
1
Let h(x) = x**2 + 10*x + 9. Let b be h(-9). Suppose -5*n = 5*j - 1980, -j + 4*n + 119 + 262 = b. What is the units digit of j?
3
Let t = -87 - -74. What is the units digit of t/39*(-597 + 0/1)?
9
What is the hundreds digit of (72/(-20) + 0)/((-8)/54140)?
3
Suppose m - 2*a - 25050 = 0, -3*m = 5*a - 18147 - 57102. What is the ten thousands digit of m?
2
Let t = 44680 - 30917. What is the units digit of t?
3
Suppose -j = -a, -4*a - 3 = -j - 18. Let p be 2*1/(-2) + a. What is the units digit of 310/2 - (0 + 0/p)?
5
Suppose -94*j + 128623 = -305732 - 182755. What is the tens digit of j?
6
Suppose 25*s - 4125 = -775. Let w = s - 63. What is the tens digit of w?
7
Let z = -9869 + 21038. What is the tens digit of z?
6
Suppose 31*r - 24060 = 33414. What is the tens digit of r?
5
Let a(v) be the third derivative of -7*v**6/240 + v**5/20 - v**4/6 - 33*v**2. Let p(h) be the second derivative of a(h). What is the tens digit of p(-3)?
6
Let p = 113 + -109. Suppose p*v + 2*g = 2802, -9*v = -8*v + 2*g - 696. What is the hundreds digit of v?
7
Suppose -c - 1 = u, 1 = u - 1. Suppose -5*l + 11 = 4*f, 3*l = 3*f - 5 + 17. What is the units digit of (l/(-9))/(c/9)*55?
5
Suppose 0 = -4*i - 2*h + 20116, 4*h - 9508 = 3*i - 24573. Suppose -5*m + 10*z - 14*z + i = 0, -m + 1003 = 2*z. What is the thousands digit of m?
1
Let d = 14 - -208. Let k = d - 160. What is the tens digit of k?
6
Let g be (-4)/(7 + 1)*(0 + -6). Let c be 46/(-4) - ((-6)/g)/(-4). What is the tens digit of 9 + (c/(-2))/2 + -1?
1
Suppose -4*o = -3*x + 5 - 0, -2*o + 5*x = 13. Let y(m) = -m**3 - m**2 + 3*m - 2. Let q be y(o). What is the units digit of (20/20)/(q/(-97))?
7
Let p be -1 - 2 - (6 + -393). Let q = p + 143. What is the tens digit of q?
2
Let b(t) = -2*t**3 + 6*t**2 - 5*t + 1. Let y be b(7). Let h = y - -762. What is the hundreds digit of h?
3
Let b = 9500 + 3206. What is the thousands digit of b?
2
Let y(c) = -207*c + 45. Let p(s) = -2*s**2 - 4*s + 4. Let u be p(1). What is the units digit of y(u)?
9
Suppose -2*r - 3*g = -2337, 9*g - 4*g = 15. Let o = -478 + r. What is the units digit of o?
6
Let a(g) = 1 - 24*g - 1 + 20*g. Let x be a(0). Suppose 3*v + 2*v - 970 = x. What is the tens digit of v?
9
Suppose -24*s - 115486 + 361798 = 0. What is the thousands digit of s?
0
Let g(n) = -n + 34. Let y(k) = -12*k + 36. Let z be y(10). Let j = -90 - z. What is the units digit of g(j)?
0
Suppose 4*o - 20 = 0, 4*a = 4*o + 41 - 65. What is the hundreds digit of (63/27 - 3)/(a/1044)?
6
What is the thousands digit of -88269*(-3)/36 - (-5)/(-40)*-2?
7
Let c = -9453 + 14763. What is the units digit of c?
0
Let c(q) = -10*q - 34. Let u(n) = n**3 - 15*n**2 - n + 19. Let v be u(15). Suppose -v*o = -5*o - 6. What is the tens digit of c(o)?
2
Suppose 2*o - 2080 - 22338 = 4*h, 3*h - 60993 = -5*o. What is the tens digit of o?
0
Suppose -4*g + 17*b + 38583 = 14*b, 0 = 4*g - 2*b - 38586. What is the hundreds digit of g?
6
Let m = 26 - 22. Let p(v) = 36*v + 6*v - 12 + 3 - 22. What is the hundreds digit of p(m)?
1
Let b = 20616 + -6395. What is the ten thousands digit of b?
1
Let p(v) = v**3 + v**2 - 2*v + 179. Let y be p(0). Suppose 177*b + 2502 = y*b. What is the hundreds digit of b?
2
Let l(z) = -7145*z - 546. What is the units digit of l(-4)?
4
Let h be (1/5 + (-39)/(-130))*-1538. Let s = -452 - h. What is the tens digit of s?
1
Let g(w) be the first derivative of -8 + 13/2*w**2 + 14*w - 4/3*w**3 - 1/4*w**4. What is the units digit of g(-8)?
6
Let t = -2854 + 7879. What is the thousands digit of t?
5
Let b(i) = 112*i**2 + 92*i - 249. What is the units digit of b(21)?
5
What is the units digit of 1/(-3) - -124619*(-4)/(-132)?
6
Let c(b) = 15*b + b**2 - 4*b**3 + 3*b**3 - 2*b**3 + 449 - 453. What is the units digit of c(-5)?
1
Let p be (1/2 + -1)*0/10. Let d be p/(2 + 1 + 0). Suppose d*f = 5*y - 4*f - 548, 4*y - 5*f = 433. What is the units digit of y?
2
Let v(n) = 5*n - 38. Let o be v(8). Suppose -o*h + 244 = 3*p, -2*p = -p. What is the tens digit of h?
2
Let m = -9561 + 15942. What is the hundreds digit of m?
3
Suppose v - 72 = -8*v. Suppose 2*n - v*n = -1296. Suppose 5*i = 2*p - 228, -4*p + 6*p + i = n. What is the units digit of p?
9
Suppose 3*k - 50 = 4*w, k + 0*k - 25 = 3*w. Suppose -k*r = -13*r. Suppose 27*j - 20*j - 770 = r. What is the hundreds digit of j?
1
Suppose u = -j - 18, 5*j + 0*j + 60 = 5*u. Let m(y) = -y**3 - 11*y**2 + 32*y - 13. What is the tens digit of m(j)?
0
Let d(a) = 1979*a + 1235. What is the hundreds digit of d(18)?
8
Let w = 5 + -30. Let o = -25 - w. What is the units digit of 88 + (0 - 3/9)*o?
8
Suppose -5*t + 267 = -868. Suppose -2*m - 2*j + 107 + 75 = 0, m - 2*j = 88. Suppose t*c + m = 232*c. What is the units digit of c?
8
Let q be (-26079)/(-3) + 45/(-9). What is the hundreds digit of (-30)/(-55) - q/(-44)?
1
Let x be 1/3 + -2 + 452/12. Let d be (-8)/(-10)*(-9)/(x/(-160)). What is the units digit of 3464/d + 20/(-16)?
7
Let h = 91 - 23. Let f = -84 + h. What is the tens digit of 78*(f/(-20))/((-12)/(-10))?
5
Suppose 12*s - 3*s = 36. Suppose -s*h - 13 = -13. Suppose -12 = -2*d - h. What is the units digit of d?
6
Suppose -56*b = -53*b - 27. Let c(m) = m**3 - 